{"id":1052,"date":"2023-09-22T17:12:23","date_gmt":"2023-09-22T17:12:23","guid":{"rendered":"http:\/\/costajump.com\/granada\/?page_id=1052"},"modified":"2023-09-22T21:20:22","modified_gmt":"2023-09-22T21:20:22","slug":"informacion","status":"publish","type":"page","link":"https:\/\/costajump.com\/granada\/informacion\/","title":{"rendered":"Informacion"},"content":{"rendered":"<section class=\"wpb-content-wrapper\"><p>[vc_row][vc_column]<div id=\"sc_title_1386412658\"\n\t\tclass=\"sc_title color_style_default sc_title_default  vc_custom_1695414250415\"><h3 class=\"sc_item_title sc_title_title sc_align_center sc_item_title_style_default\">Contacto<\/h3><\/div><!-- \/.sc_title -->[vc_column_text css=&#8221;.vc_custom_1695417619675{padding-top: 20px !important;padding-bottom: 20px !important;}&#8221;]<\/p>\n<h4><span style=\"color: #000000;\">Informacion<\/span><\/h4>\n<p><span style=\"color: #000000;\"><a style=\"color: #000000;\" href=\"mailto:info@costajump-barcelona.com\">info@costajump.com<\/a><\/span><\/p>\n<h4><span style=\"color: #000000;\">Trabaja con nosotros<\/span><\/h4>\n<p><span style=\"color: #000000;\"><a style=\"color: #000000;\" href=\"mailto:cv@costajump.com\">cv@costajump.com<\/a><\/span>[\/vc_column_text][\/vc_column][\/vc_row][vc_row][vc_column]<div id=\"sc_title_1057759063\"\n\t\tclass=\"sc_title color_style_default sc_title_default  vc_custom_1695414517554\"><h3 class=\"sc_item_title sc_title_title sc_align_center sc_item_title_style_default\">Normas del Parque<\/h3><\/div><!-- \/.sc_title -->[vc_column_text css=&#8221;.vc_custom_1695414605753{padding-top: 20px !important;padding-bottom: 20px !important;}&#8221;]<\/p>\n<div class=\"et_pb_text et_pb_module et_pb_bg_layout_light et_pb_text_align_left et_pb_text_1\">\n<div class=\"et_pb_text_inner\">\n<p><span style=\"color: #000000;\"><strong>Reglas generales:<\/strong><\/span><\/p>\n<ul>\n<li><span style=\"color: #000000;\">Cada persona que entra al parque lo hace asumiendo los riesgos de modo propio, eximiendo a la empresa de cualquier responsabilidad incluyendo robos y\/o accidentes.<\/span><\/li>\n<li><span style=\"color: #000000;\">Por higiene y para evitar resbalones, todas las personas deben llevar puestos los calcetines de CostaJump mientras est\u00e9n saltado. Los participantes deber\u00e1n llevar tambi\u00e9n la pulsera de color durante la sesi\u00f3n.<\/span><\/li>\n<li><span style=\"color: #000000;\">No est\u00e1 permitido el acceso al parque a las personas que se encuentren bajo la influencia de alcohol u otras sustancias.<\/span><\/li>\n<li><span style=\"color: #000000;\">Observa y mant\u00e9n las distancias a los otros participantes y ten especial cuidado con los m\u00e1s peque\u00f1os.<\/span><\/li>\n<li><span style=\"color: #000000;\">Mujeres embarazadas o personas con problemas de salud son avisados de que no es recomendable que salten.<\/span><\/li>\n<li><span style=\"color: #000000;\">No se permite sentarse o tumbarse en los trampolines. Si necesitas un\u00a0respiro, puedes ir al \u00e1rea de descanso.<\/span><\/li>\n<li><span style=\"color: #000000;\">Agarrarse y escalar por los pads de seguridad o por la malla de seguridad est\u00e1 prohibido.<\/span><\/li>\n<li><span style=\"color: #000000;\">No est\u00e1n permitidos los empujones, doble rebotes, correr, o la luchas libres.<\/span><\/li>\n<li><span style=\"color: #000000;\">Una persona por trampol\u00edn a la vez.<\/span><\/li>\n<li><span style=\"color: #000000;\">Siempre aterriza con los dos pies y intenta estar siempre en la mitad del trampol\u00edn. No usar tel\u00e9fonos m\u00f3viles, c\u00e1maras u otros objetos similares en los trampolines.<\/span><\/li>\n<li><span style=\"color: #000000;\">Lenguaje ofensivo no permitido.<\/span><\/li>\n<li><span style=\"color: #000000;\">No se permite comer ni beber (incluyendo chicle) en los trampolines.<\/span><\/li>\n<li><span style=\"color: #000000;\">No se permiten volteretas dobles y otros trucos arriesgados sobre los pads. Las volteretas normales est\u00e1n permitidas pero no m\u00e1s de dos seguidas.<\/span><\/li>\n<li><span style=\"color: #000000;\">No se permite llevar en los trampolines cinturones, joyer\u00eda, cadenas, u objetos punzantes. No lleves monedas en los bolsillos.<\/span><\/li>\n<li><span style=\"color: #000000;\">No\u00a0se permite alimentos o bebidas de otros establecimientos.<\/span><\/li>\n<li><span style=\"color: #000000;\">La administraci\u00f3n no se responsabiliza de las perdidas, robos o danos de calzados, m\u00f3viles, ropa u objetos personales dentro el establecimiento.<\/span><\/li>\n<\/ul>\n<\/div>\n<\/div>\n<div class=\"et_pb_text et_pb_module et_pb_bg_layout_light et_pb_text_align_left et_pb_text_2\"><\/div>\n<p>[\/vc_column_text][\/vc_column][\/vc_row][vc_row][vc_column]<div id=\"sc_title_1980965784\"\n\t\tclass=\"sc_title color_style_default sc_title_default  vc_custom_1695414623078\"><h3 class=\"sc_item_title sc_title_title sc_align_center sc_item_title_style_default\">FAQ<\/h3><\/div><!-- \/.sc_title -->[vc_column_text css=&#8221;.vc_custom_1695414659694{padding-top: 20px !important;padding-bottom: 20px !important;}&#8221;]<\/p>\n<div class=\"et_pb_text et_pb_module et_pb_bg_layout_light et_pb_text_align_left et_pb_text_0\">\n<div class=\"et_pb_text_inner\">\n<p><span style=\"color: #000000;\"><strong>1.\u00bfCu\u00e1l es la edad m\u00ednima para poder saltar en CostaJump?<\/strong><\/span><\/p>\n<p><span style=\"color: #000000;\">Para acceder a la zona de saltos, los participantes tendr\u00e1n que tener un m\u00ednimo de 5 a\u00f1os o m\u00e1s para saltar. Para los participantes comprendidos entre la edad de andar y cinco a\u00f1os, necesitaran ser acompa\u00f1ados por un mayor de edad que solo pagar\u00e1 los calcetines.<\/span><\/p>\n<p><span style=\"color: #000000;\"><strong>2. \u00bfNecesito hacer una reserva con antelaci\u00f3n?<\/strong><\/span><\/p>\n<\/div>\n<\/div>\n<p><span style=\"color: #000000;\">No es necesario hacer una reserva con antelaci\u00f3n, tenemos un aforo muy amplio.<\/span><\/p>\n<p><span style=\"color: #000000;\"><strong>3. No tengo una tarjeta de cr\u00e9dito\/d\u00e9bito. \u00bfPuedo hacer una reserva via web y pagar cuando me presente en CostaJump?<\/strong><\/span><\/p>\n<p><span style=\"color: #000000;\">No, todas las reservas que se hagan a trav\u00e9s de la web necesitan ser pagados justo al hacer la reserva.<\/span><\/p>\n<p><span style=\"color: #000000;\"><strong>4. \u00bfPuedo cancelar una reserva y obtener una devoluci\u00f3n?<\/strong><\/span><\/p>\n<p><span style=\"color: #000000;\">No se permite el reembolso una vez hecho una reserva, solo podr\u00e1s cancelar o cambiar el d\u00eda de una reserva con 7 d\u00edas de antelaci\u00f3n mediante una llamada telef\u00f3nica o a trav\u00e9s de nuestro email. Todas las cancelaciones a partir del l\u00edmite de 7 d\u00edas no ser\u00e1n aceptadas.<\/span><\/p>\n<p><span style=\"color: #000000;\"><strong>5.\u00bfCu\u00e1ndo tiempo debo llegar con antelaci\u00f3n a una sesi\u00f3n de saltos?<\/strong><\/span><\/p>\n<p><span style=\"color: #000000;\">Recomendamos que vengas con 30 minutos de antelaci\u00f3n al evento, as\u00ed tendr\u00e1s suficiente tiempo para obtener el acceso, recoger tu pulsera y los calcetines de CostaJump en el mostrador.<\/span><\/p>\n<p><span style=\"color: #000000;\"><strong>6. \u00bfQu\u00e9 tipo de ropa recomiendas para ponerse en CostaJump?<\/strong><\/span><\/p>\n<p><span style=\"color: #000000;\">V\u00edstete de ropa c\u00f3moda,\u00a0ch\u00e1ndal, pantalones cortos y camisetas. No est\u00e1n permitidos los cinturones,\u00a0cualquier tipo de joyer\u00eda ya sean pendientes, anillos, colgantes, o\u00a0ropa con tachuelas\u00a0ya que podr\u00eda ser peligroso para ti y para el resto de usuarios. Todos los participantes deber\u00e1n llevar obligatoriamente los calcetines anti-deslizantes de CostaJump mientras est\u00e9n saltando.<\/span><\/p>\n<p><span style=\"color: #000000;\"><strong>7. \u00bfCuanto tiempo puedo saltar por cada sesi\u00f3n?<\/strong><\/span><\/p>\n<p><span style=\"color: #000000;\">Cada una de nuestras sesiones son de una hora. Si quieres saltar m\u00e1s tiempo, recomendamos que lo reserves con antelaci\u00f3n o pagarlo directamente en el mostrador para evitar la perdida de tiempo en el cambio de sesi\u00f3n.<\/span><\/p>\n<p><span style=\"color: #000000;\"><strong>8. \u00bfQu\u00e9 pasar\u00eda si llegara tarde?<\/strong><\/span><\/p>\n<p><span style=\"color: #000000;\">Aseg\u00farate de llegar con antelaci\u00f3n, ya que si llegas tarde, solo podr\u00e1s estar el tiempo restante de la hora que reservaste.<\/span><\/p>\n<p><span style=\"color: #000000;\"><strong>9. \u00bfPor qu\u00e9 necesito los calcetines de CostaJump?<\/strong><\/span><\/p>\n<p><span style=\"color: #000000;\">Los calcetines anti-deslizantes de CostaJump deben ser usados por todos los participantes por razones de higiene y seguridad. Una vez comprados, son tuyos y podr\u00e1s usarlos en tu pr\u00f3xima visita a CostaJump.<\/span><\/p>\n<p><span style=\"color: #000000;\"><strong>10. \u00bfNecesito firmar un contrato de renuncia?<\/strong><\/span><\/p>\n<p><span style=\"color: #000000;\">Todo aquel que entre al parque comprando su pulsera, o siendo invitado por la organizacion, entra asumiendo todos los riesgos de modo propio, eximiendo a la empresa de cualquier responsabilidad, ya sea por robo y\/o accidentes de cualquier tipo. Ademas obligamos a todos los padres a firmar una renuncia para los menores de 18 a\u00f1os.<\/span><\/p>\n<p><span style=\"color: #000000;\"><strong>11. \u00bfHay taquillas en CostaJump?<\/strong><\/span><\/p>\n<p><span style=\"color: #000000;\">CostaJump tiene una cantidad de taquillas disponibles para objetos de valor. No nos hacemos responsables de las p\u00e9rdidas de objetos de valor en dichas\u00a0taquillas.<\/span><\/p>\n<p><span style=\"color: #000000;\"><strong>12. \u00bfEs CostaJump seguro?<\/strong><\/span><\/p>\n<p><span style=\"color: #000000;\">Como en cualquier deporte extremo hay algun grado de riesgo. Intentamos minimizar ese riesgo usando un buen equipamiento, personal cualificado y mostrando un v\u00eddeo a nuestros participantes que incluye unas instrucciones y reglas de seguridad en una televisi\u00f3n, al lado del mostrador.<\/span><\/p>\n<p><span style=\"color: #000000;\"><strong>13.\u00a0\u00bfHay Wi-Fi en CostaJump?<\/strong><\/span><\/p>\n<p><span style=\"color: #000000;\">Si, hay Wi-Fi gratuito para todo el mundo.<\/span><\/p>\n<p><span style=\"color: #000000;\"><strong>14. \u00bfTen\u00e9is aparcamiento\u00a0?<\/strong><\/span><\/p>\n<p><span style=\"color: #000000;\">No te preocupes, hay suficientes aparcamientos por los alrededores de CostaJump.<\/span><\/p>\n<p><span style=\"color: #000000;\"><strong>15. \u00bfOfrec\u00e9is clases de Fitness?<\/strong><\/span><\/p>\n<p><span style=\"color: #000000;\">Tenemos planeado ofrecer clases de Fitness en CostaJump. M\u00e1s informaci\u00f3n ser\u00e1 revelada mas tarde en nuestra p\u00e1gina web.<\/span><\/p>\n<div class=\"et_pb_text et_pb_module et_pb_bg_layout_light et_pb_text_align_left et_pb_text_15\">\n<div class=\"et_pb_text_inner\">\n<p><span style=\"color: #000000;\"><strong>16. Si no quiero saltar, \u00bfHay algun \u00e1rea de descanso donde pueda estar mientras mi familia o amigos est\u00e9n saltando?<\/strong><\/span><\/p>\n<p><span style=\"color: #000000;\">Si, tenemos una gran zona con sillas y mesas, donde podr\u00e1s observar por un lado el parque de trampolines y por el otro lado tendr\u00e1s unas maravillosas vistas al exterior. Tenemos disponible una cafeteria y Wi-Fi gratis para hacer tu estancia mas comoda. Solo las personas que se apunten a las sesiones de saltos tendran que pagar para saltar.<\/span><\/p>\n<\/div>\n<\/div>\n<p>[\/vc_column_text][\/vc_column][\/vc_row]<\/p>\n<\/section>","protected":false},"excerpt":{"rendered":"<p>[vc_row][vc_column][vc_column_text css=&#8221;.vc_custom_1695417619675{padding-top: 20px !important;padding-bottom: 20px !important;}&#8221;] Informacion info@costajump.com Trabaja con nosotros cv@costajump.com[\/vc_column_text][\/vc_column][\/vc_row][vc_row][vc_column][vc_column_text css=&#8221;.vc_custom_1695414605753{padding-top: 20px !important;padding-bottom: 20px !important;}&#8221;] Reglas generales: Cada persona que entra al parque lo hace asumiendo los riesgos de modo propio, eximiendo a la empresa de cualquier responsabilidad incluyendo robos y\/o accidentes. Por higiene y para evitar resbalones, todas las personas deben llevar puestos los calcetines de CostaJump&hellip;<\/p>\n","protected":false},"author":1,"featured_media":0,"parent":0,"menu_order":0,"comment_status":"closed","ping_status":"closed","template":"","meta":{"footnotes":""},"class_list":["post-1052","page","type-page","status-publish","hentry"],"_links":{"self":[{"href":"https:\/\/costajump.com\/granada\/wp-json\/wp\/v2\/pages\/1052","targetHints":{"allow":["GET"]}}],"collection":[{"href":"https:\/\/costajump.com\/granada\/wp-json\/wp\/v2\/pages"}],"about":[{"href":"https:\/\/costajump.com\/granada\/wp-json\/wp\/v2\/types\/page"}],"author":[{"embeddable":true,"href":"https:\/\/costajump.com\/granada\/wp-json\/wp\/v2\/users\/1"}],"replies":[{"embeddable":true,"href":"https:\/\/costajump.com\/granada\/wp-json\/wp\/v2\/comments?post=1052"}],"version-history":[{"count":22,"href":"https:\/\/costajump.com\/granada\/wp-json\/wp\/v2\/pages\/1052\/revisions"}],"predecessor-version":[{"id":1161,"href":"https:\/\/costajump.com\/granada\/wp-json\/wp\/v2\/pages\/1052\/revisions\/1161"}],"wp:attachment":[{"href":"https:\/\/costajump.com\/granada\/wp-json\/wp\/v2\/media?parent=1052"}],"curies":[{"name":"wp","href":"https:\/\/api.w.org\/{rel}","templated":true}]}}